 is -202780 + -100?
-202880
In base 12, what is -497188 - -7?
-497181
In base 12, what is -42827 - -94?
-42753
In base 15, what is -2 + 1943554a?
19435548
In base 12, what is -3650114 - -13?
-3650101
In base 3, what is 110 - 21101002012?
-21101001202
In base 15, what is 300aa + 454?
3050e
In base 14, what is 31b - dd41?
-da24
In base 3, what is 11101202220010 - -102012?
11101210022022
In base 7, what is 32261430 - 532?
32260565
In base 16, what is 73 - -25dd?
2650
In base 2, what is 111101100 + -11111101001010001100?
-11111101000010100000
In base 9, what is 3207 + 183252?
186460
In base 5, what is 1141 - 20340223?
-20334032
In base 2, what is 100001101010001001111 + -11000?
100001101010000110111
In base 5, what is -4311001321 - 44?
-4311001420
In base 6, what is -255102252534 - -1?
-255102252533
In base 15, what is -1d8e5e49 + 0?
-1d8e5e49
In base 4, what is -12010 - -3310021321?
3310003311
In base 5, what is 30304331 - -10?
30304341
In base 2, what is 111101111010 - -101100?
111110100110
In base 7, what is -2151000 - 3?
-2151003
In base 16, what is -3 - -1a93ce1?
1a93cde
In base 2, what is -1 + -1000001011101110100110?
-1000001011101110100111
In base 12, what is 7 - -1a288b8?
1a28903
In base 13, what is -a8 - -9a57b?
9a4a3
In base 2, what is -10111000011 - -10111011010010?
10100100001111
In base 6, what is -500051 + 10202?
-445445
In base 6, what is 10332300 + 4532?
10341232
In base 14, what is -1 + cbc03?
cbc02
In base 2, what is 1010101011 + 1001001101001?
1010100010100
In base 9, what is -243838 + -24?
-243863
In base 16, what is -c2105 + -95?
-c219a
In base 13, what is -2824 + 8382?
585b
In base 6, what is -4 - -133052510?
133052502
In base 16, what is 1ca66f9 + 3?
1ca66fc
In base 8, what is 34145 + -31?
34114
In base 13, what is 270a21705 + -1?
270a21704
In base 13, what is 1a2225 + 334?
1a2559
In base 3, what is 12110022 - 2102120201?
-2020010102
In base 8, what is -2 - 1772344?
-1772346
In base 2, what is 10011101101 - -1001111101000010?
1010010000101111
In base 2, what is 101 + -10001101011101?
-10001101011000
In base 15, what is 570 + -1cca?
-175a
In base 3, what is -10222101 - 120221221?
-201221022
In base 6, what is -24 - -135413331?
135413303
In base 7, what is -133325634 + 4?
-133325630
In base 8, what is -54134476 - -2?
-54134474
In base 8, what is -34517241 + -3?
-34517244
In base 6, what is -443545 - -105?
-443440
In base 8, what is 265 - 111243?
-110756
In base 12, what is -31 + -26168a?
-2616bb
In base 12, what is 54001 - a8a?
53133
In base 7, what is -1213316232 - 5?
-1213316240
In base 6, what is -12 + -131303433?
-131303445
In base 2, what is 100 - -101111110110101111101111?
101111110110101111110011
In base 10, what is 43293 + -582?
42711
In base 16, what is bd65 - 2c7?
ba9e
In base 13, what is 18a2082 - 31?
18a2051
In base 7, what is -3 + 54204300?
54204264
In base 10, what is -53780566 + -2?
-53780568
In base 4, what is 11 + -2101120300211?
-2101120300200
In base 5, what is 3432020041 - 2?
3432020034
In base 10, what is -46546910 + -8?
-46546918
In base 16, what is 12fa1 - 19?
12f88
In base 14, what is -16850 + -10d4?
-17944
In base 8, what is 17 + -141142043?
-141142024
In base 14, what is c30 + 10a38?
11868
In base 3, what is 11021222010 - 12200?
11021202110
In base 11, what is -7886 + -3a?
-7915
In base 10, what is -1551717 + -15?
-1551732
In base 15, what is 3 + 4b895db?
4b895de
In base 15, what is -6a - b1a12?
-b1a7c
In base 13, what is -7127b92 - 0?
-7127b92
In base 16, what is 8f9 - -d59d?
de96
In base 5, what is 102202312 + 3312?
102211124
In base 3, what is -1001001 + 100212010021?
100211002020
In base 5, what is -43244442 - -10431?
-43234011
In base 15, what is -1 + 532b7b9?
532b7b8
In base 3, what is 22 + -102100121112201012?
-102100121112200220
In base 14, what is -2515 - -156?
-239d
In base 4, what is 23113121 + 20110?
23133231
In base 4, what is 10022223302 + -13?
10022223223
In base 15, what is -5765 + 3722?
-2043
In base 9, what is 61757350 + -5?
61757344
In base 13, what is -160 - 212813?
-212973
In base 7, what is -25 + 15200203?
15200145
In base 14, what is -7 - -12a5012?
12a5009
In base 14, what is 8151 + -1509?
6a46
In base 5, what is -30 + -104010404?
-104010434
In base 16, what is -36226a3e + 2?
-36226a3c
In base 11, what is -4 - -2082a9?
2082a5
In base 2, what is 1100000001110111011110000 - -1?
1100000001110111011110001
In base 2, what is 10110001011010110 - -11100100111?
10110100111111101
In base 9, what is 15310615 - 5?
15310610
In base 3, what is -121000212211 + 1?
-121000212210
In base 12, what is 4 - -5390ba0?
5390ba4
In base 13, what is 1259 - -38c?
1618
In base 15, what is -7ed - -30c9?
27cb
In base 12, what is -3 - 4898484?
-4898487
In base 6, what is 35 + -52033450?
-52033411
In base 3, what is 210122 - 110210001111?
-110202020212
In base 2, what is -11000110110 + 1100101101011000001?
1100101010010001011
In base 7, what is 1540 - 353400?
-351530
In base 4, what is 2 + 2332210331311?
2332210331313
In base 12, what is 2 - 2549588?
-2549586
In base 6, what is 10250154 - 3250?
10242504
In base 2, what is -11 - -1110000010010001000011?
1110000010010001000000
In base 6, what is -2 - 10135334120?
-10135334122
In base 4, what is -1033 - 10300111?
-10301210
In base 7, what is 3 - -23431313?
23431316
In base 2, what is 11100011100000 + -11000010111?
11001011001001
In base 8, what is -6500 + 500?
-6000
In base 14, what is -2d - -214473c?
214470d
In base 3, what is -211020202200020 + 2?
-211020202200011
In base 10, what is 1587 - 318293?
-316706
In base 12, what is -122 - 34260?
-34382
In base 3, what is -10011010 - 122022?
-10210102
In base 6, what is -14 + 1100304?
1100250
In base 6, what is -15341 - -2224211?
2204430
In base 5, what is -103221033021 - -12?
-103221033004
In base 4, what is -1300310231 + -220?
-1300311111
In base 11, what is 18 + -18775a?
-187742
In base 16, what is 8e6 - c53?
-36d
In base 8, what is -10 + 20364121?
20364111
In base 12, what is -1 - 22a52016?
-22a52017
In base 6, what is -1003451 + -31435?
-1035330
In base 4, what is -1213330302211 - 11?
-1213330302222
In base 2, what is -11101011000101101110010001010 - 101?
-11101011000101101110010001111
In base 7, what is 356500 - -2102?
361602
In base 2, what is 10 - 10111111001001110101110111?
-10111111001001110101110101
In base 7, what is -12 - 1041364?
-1041406
In base 5, what is -4023034140 - 2?
-4023034142
In base 6, what is 41350040 + -3?
41350033
In base 16, what is 387 + 317b?
3502
In base 15, what is 13e4d7 - -20?
13e507
In base 12, what is 116776 - 131?
116645
In base 12, what is 2219841 + -2?
221983b
In base 11, what is 3 + 426a793?
426a796
In base 5, what is 10411320132 + 120?
10411320302
In base 3, what is -1011 - -2002020000021000?
2002020000012212
In base 13, what is 25ba98a4 + 0?
25ba98a4
In base 6, what is 1 + -31433232425?
-31433232424
In base 8, what is 1105545 - 227?
1105316
In base 8, what is 413413174 - -5?
413413201
In base 2, what is 10111111001111101010011110 + 100?
10111111001111101010100010
In base 13, what is -511240c + -3?
-5112412
In base 7, what is 366 - 15135465?
-15135066
In base 13, what is -2c9b408 + -5?
-2c9b410
In base 2, what is -101001110111101000001 - -110?
-101001110111100111011
In base 10, what is -971221 + 15?
-971206
In base 16, what is -2 - -67b9b0?
67b9ae
In base 9, what is 0 + 286320?
286320
In base 2, what is 1010001 + -1001011010101?
-1001010000100
In base 13, what is a - -4c0778c?
4c07799
In base 12, what is 2501 + -601?
1b00
In base 15, what is 10d6 + 2c52?
3d38
In base 11, what is 3aa303 + -498?
3a9916
In base 15, what is -1 + 13cdeae?
13cdead
In base 3, what is -100 - -2111200212110?
2111200212010
In base 2, what is 0 - -1000110110001100101110?
1000110110001100101110
In base 4, what is -32123010 - 202232?
-32331302
In base 15, what is e71 + -34bb?
-254a
In base 4, what is -12101030 + -1013003?
-13120033
In base 8, what is -3 - 746123464?
-746123467
In base 6, what is -1304113 + -1105?
-1305222
In base 8, what is -2 + -1526?
-1530
In base 3, what is -202221 - -1021101011101?
1021100101110
In base 15, what is -e195c51 + 3?
-e195c4d
In base 3, what is 11020221 - 1100?
11012121
In base 5, what is 121142031312 + 2?
121142031314
In base 9, what is 3468633 - -7?
3468641
In base 